 of 952 - (11/(44/24))/(-1)?
2, 479
Let p(j) = j**2 + j**3 + 23 - 8*j**2 - 4*j**2 + j. What are the prime factors of p(11)?
2, 17
Suppose -r + 6*r = -725. Let s = -98 - r. What are the prime factors of s?
47
Let i = 921 + -544. List the prime factors of i.
13, 29
Let a be 454/8 + 18/(-24). Let j = -35 - -14. Let m = j + a. List the prime factors of m.
5, 7
Suppose -11*h + 9*h = -12. Suppose -12*x = -66 + h. List the prime factors of x.
5
Let l(d) = -4*d**3 - d**2 + d - 13. List the prime factors of l(-4).
223
Let a = 5901 + -3515. What are the prime factors of a?
2, 1193
Suppose 0 = j - 2*j + 4*o + 11, 7 = 5*j + 4*o. Suppose -j*i + 166 = -5*a, 3*a = -2*a + 20. List the prime factors of i.
2, 31
Let l be 11/(55/20) - (-124)/(-2). Let p = -18 - l. List the prime factors of p.
2, 5
Suppose -v = -4 + 3. Suppose -2*u = u + 6, 2*t - 3*u - 12 = 0. Suppose 4*y - v = 5*a, 2*a - 11 = -t*a + y. List the prime factors of a.
3
Let d(r) be the third derivative of -21*r**4/8 + r**3/3 - r**2. What are the prime factors of d(-1)?
5, 13
Let g = -4 - -9. Suppose -g*a = 5*v - 20, 2*a = -v + 12 - 0. Let u(j) = j + 8. List the prime factors of u(a).
2
Suppose -25*o + 23*o = -5*z + 14730, z = 5*o + 2946. List the prime factors of z.
2, 3, 491
Let g(c) = -c + 10 - 7 + 7. Let p(z) = -1. Let f(l) = -g(l) - 6*p(l). What are the prime factors of f(11)?
7
Let i(q) = q**3 - 11*q - 3. Let l be i(-3). Suppose 0*f = -5*v - l*f + 638, 0 = 2*v + f - 256. List the prime factors of v.
2, 5, 13
Let h(t) = -8*t - 11. Let m be h(-2). Suppose 9*p = m*p + 336. List the prime factors of p.
2, 3, 7
Let v = 484 + -277. Suppose v = -n + 4*n. What are the prime factors of n?
3, 23
Let m(r) = -r + 1. Let l be m(-6). Suppose 0 = l*h - 3*h + 120. Let v = h + 62. What are the prime factors of v?
2
Let x(h) = 40*h**3 - 2*h**2 - 5*h. List the prime factors of x(3).
3, 349
Let f be -5*((-8)/(-28) - (-16)/(-7)). List the prime factors of (67/2 + 1)*20/f.
3, 23
Suppose 0 = 8*s - 4*s - 288. Let j = s + -21. List the prime factors of j.
3, 17
Let k = 330 - -923. What are the prime factors of k?
7, 179
Let q(y) = 3*y**2 + 14*y - 4. Let m be 2/(10/(-15)) - 3. What are the prime factors of q(m)?
2, 5
Let d = -1770 + 3365. List the prime factors of d.
5, 11, 29
Let p(b) = 32*b + 218. What are the prime factors of p(10)?
2, 269
Let q be (-16)/20*(-15)/(-3). Let x(z) = -5*z - 13. List the prime factors of x(q).
7
Suppose -3*d - 2*s = -0*s - 91, 0 = -5*d + s + 130. Suppose -5*n - k + d = -31, 4*k - 12 = 0. Let r = 42 - n. List the prime factors of r.
31
Let f(a) = a**2 + 6*a - 3. Let q(k) = k - 15. Let s be q(8). Let c be f(s). Suppose -3*h + c*h = 8. List the prime factors of h.
2
Let c(b) = 3*b**3 - 9*b**2 + 14*b + 25. Let o(l) = 2*l**3 - 4*l**2 + 7*l + 13. Let a(n) = 2*c(n) - 5*o(n). What are the prime factors of a(-3)?
2, 3, 11
Let q(m) = 2*m**2 - 4*m - 4. Let r(b) = -b - 7. Let y = 11 + -15. Let a be r(y). List the prime factors of q(a).
2, 13
Suppose 2*q - 4*c = -392 + 1988, 2*q - 1591 = 5*c. List the prime factors of q.
2, 101
Suppose 188*w = 182*w + 3132. What are the prime factors of w?
2, 3, 29
Suppose 3*v + 2*v + 4*o = 105, -4*o = 3*v - 71. Suppose -5*p + v = -8. What are the prime factors of p?
5
Let a = 1 + -3. Let p be ((-7 - a) + 3)*-5. What are the prime factors of 2*7 + p/(-10)?
13
Let v = 2500 - -12. List the prime factors of v.
2, 157
Suppose -2*v + 3*z = -z - 592, -4*v = -5*z - 1190. What are the prime factors of v?
2, 3, 5
Suppose -k = 5*g - 2030, -12*k + 387 = g - 8*k. What are the prime factors of g?
11, 37
Let l(w) = 2*w**2 + 2*w + 1. Let h(f) = 2*f**2 + f + 1. Let j(d) = 6*h(d) - 5*l(d). What are the prime factors of j(5)?
31
Suppose -8959 = 14*d + 113. Let x = d - -909. What are the prime factors of x?
3, 29
Let m(o) = 161*o**2 - 42*o + 62. What are the prime factors of m(6)?
2, 2803
Let v be 125/45 + 7/((-63)/(-2)). Suppose -11 + 449 = v*t. What are the prime factors of t?
2, 73
Let y = -2374 + 4730. What are the prime factors of y?
2, 19, 31
Suppose 8*d = 211 + 269. What are the prime factors of d?
2, 3, 5
Suppose 1612 = 11*v - 15*v. What are the prime factors of v/(-15) + (-6)/(-45)?
3
Suppose 5*g = -5*g - 180. List the prime factors of g/(-171) - 4155/(-57).
73
Let y(n) = -n**3 - 23*n**2 - 49*n + 30. Let r(d) = d**3 + 23*d**2 + 50*d - 31. Let v(l) = -2*r(l) - 3*y(l). List the prime factors of v(-20).
2, 29
Suppose 11*c + 2316 - 16682 = 0. List the prime factors of c.
2, 653
Suppose -6551 = 2*f + f + c, -3*c = 2*f + 4358. Let m be 3/(-4) + f/(-76). Let k = 56 - m. What are the prime factors of k?
2, 7
Suppose 4*n = 32 - 0. Let h(y) = -y**3 - 5*y**2 + 5*y - 4. Let g be h(-6). Suppose -g*v - 2*v = -n. List the prime factors of v.
2
Let b be 15/(((-63)/(-6))/7). What are the prime factors of (-4)/(-10) + 76/b + -4?
2
Suppose 0 = 34*y - 22978 - 38426. What are the prime factors of y?
2, 3, 7, 43
Let x(u) = 6*u**2 - 18*u + 165. List the prime factors of x(6).
3, 7, 13
Let i(n) be the second derivative of -n**5/10 - n**4/4 + n**3/2 - n**2 - 2*n. Let q be i(-4). Let z = q - 39. What are the prime factors of z?
3
Suppose -g = -5*a - 2388, -6*a + 3*a = -3*g + 7212. What are the prime factors of g?
2, 7, 43
Suppose 0 = 3*j - 0*j - 3, 0 = 5*s - 3*j + 93. Let p = -15 - s. Suppose 142 = 4*l + 2*z, -l - z - 81 = -p*l. What are the prime factors of l?
2, 19
Let t = -87 + 89. List the prime factors of (t - (2 + -1))/(7/105).
3, 5
Suppose -75*o = -71*o - 16452. List the prime factors of o.
3, 457
Suppose 2*g + 21 - 83 = 0. Suppose 0 = 3*k - g + 28. List the prime factors of (16 - 4)*(k + 3).
2, 3
Let w(a) = -8*a + 11. Let u(x) = -10*x + 9. Let t(k) = -3*u(k) + 4*w(k). Let j = 1 + -1. List the prime factors of t(j).
17
Let z(v) = 11*v**3 - v - 2. Let i be 4/18 + 16/9. Let l be z(i). Suppose -3*c + 9 + l = 0. List the prime factors of c.
31
Let n(l) = -l**3 + 10*l**2 - 3*l + 20. Let g be n(9). Suppose -z + 5*f - 2*f = -8, -g = -4*z - 2*f. List the prime factors of z.
17
Let g = 880 + -277. What are the prime factors of g?
3, 67
Suppose 184 = 2*l - 5*m, 2*m - 340 = -4*l + 5*m. Let c = 88 - l. What are the prime factors of c?
2, 3
Suppose 0 = 4*m - 12, -3*b + 8*b = 5*m + 150. Suppose b*z = 29*z + 128. What are the prime factors of z?
2
Let w(u) be the third derivative of -u**6/120 + u**4/12 - u**3/6 - 11*u**2. Let j be w(-2). Suppose 0 = -j*b - b + 260. What are the prime factors of b?
5, 13
Let h = 0 - -5. Suppose -4*s = h*k - 404, -3*k + 95 = s + 1. List the prime factors of s.
2, 53
Suppose 5*q = -3*h - 2*h + 65, 0 = -2*h + 3*q + 6. Let o(r) = r**2 - 13. List the prime factors of o(h).
2, 17
Let v = -4059 - -9011. What are the prime factors of v?
2, 619
Suppose -d - 4*b = -46, -5*d - b + 0*b + 173 = 0. Suppose -d - 14 = -2*v. What are the prime factors of v?
2, 3
Suppose -3 = -3*i - 0, 2*l - i = 301. Let g = l - 20. List the prime factors of g.
131
Let w(s) = -10*s**3 - 4*s - 3. Let d be w(-1). Suppose 0 = y - 2*l - 3*l - 16, 0 = 3*l + 12. Let t = y + d. List the prime factors of t.
7
Let m(g) = g**3 + 8*g**2 + 7*g + 8. Let r be (18/(-4))/(39/52). Let i be m(r). Let o = i - 32. What are the prime factors of o?
2, 3
Let x be 0 - -3 - (-4 - -10). Let j be (0 - (5 + x)) + 4. Suppose 0*s = 5*s - 3*d - 261, 98 = j*s + 2*d. What are the prime factors of s?
3, 17
Let z be 24/9*(-15)/(-2). Suppose -5*y - 2*p = -6*p - 45, z = 2*y - 2*p. Suppose -44 = -3*l - 2*c, -y*c = 5*l - l - 54. List the prime factors of l.
2
Let k = 29 - 46. Let i(h) = h**2 + 14*h - 22. List the prime factors of i(k).
29
List the prime factors of 8815/25 - 6/10.
2, 11
Let l(s) = -272*s + 6. List the prime factors of l(-2).
2, 5, 11
Let j(g) = g**2 - 43. Let c be j(0). Suppose 4*h + 112 = -0*h. Let n = h - c. List the prime factors of n.
3, 5
Let l = -13981 + 19712. What are the prime factors of l?
11, 521
Let q be (-62)/(-6) - (-6)/9. Suppose 1 = 2*w - q. Suppose -w*c = -c - 90. What are the prime factors of c?
2, 3
What are the prime factors of (-2 - -1975) + (-9 - -5)?
11, 179
Suppose -5*j - 2 + 12 = 0. Suppose -4*m - j*y = -60, 5*m = 4*y + 129 - 41. What are the prime factors of m?
2
What are the prime factors of 467 - -6*8/(-6)?
3, 17
Let q = 3 + 0. Let y(u) = u + 2. Let f be y(q). Suppose f*z - 116 = 84. What are the prime 